548653 is divided by 1699.
1695
Calculate the remainder when 15280031 is divided by 731.
669
Calculate the remainder when 68552053 is divided by 2211.
2209
What is the remainder when 1053511 is divided by 1164?
91
Calculate the remainder when 13256096 is divided by 68.
40
Calculate the remainder when 62199 is divided by 1434.
537
What is the remainder when 52423022 is divided by 9649?
5
Calculate the remainder when 8787844 is divided by 8787688.
156
What is the remainder when 2318161 is divided by 154?
153
What is the remainder when 63994444 is divided by 18?
16
What is the remainder when 7070143 is divided by 122?
121
Calculate the remainder when 78754 is divided by 278.
80
What is the remainder when 174262 is divided by 4708?
66
Calculate the remainder when 215687 is divided by 1233.
1145
What is the remainder when 719303 is divided by 3594?
503
Calculate the remainder when 332511371 is divided by 59.
56
Calculate the remainder when 123478 is divided by 123309.
169
What is the remainder when 226790 is divided by 965?
15
What is the remainder when 21114897 is divided by 1450?
1447
What is the remainder when 201431 is divided by 100640?
151
What is the remainder when 155783 is divided by 296?
87
What is the remainder when 35424 is divided by 1782?
1566
Calculate the remainder when 11453017 is divided by 148.
37
Calculate the remainder when 71440 is divided by 1255.
1160
Calculate the remainder when 68228 is divided by 41.
4
Calculate the remainder when 1301958 is divided by 9503.
47
Calculate the remainder when 13101472 is divided by 725.
722
Calculate the remainder when 5810244 is divided by 35.
34
Calculate the remainder when 556396 is divided by 11460.
6316
What is the remainder when 84604 is divided by 84436?
168
What is the remainder when 1690689 is divided by 1598?
5
What is the remainder when 1192635 is divided by 397477?
204
What is the remainder when 24254391 is divided by 1332?
3
Calculate the remainder when 21350 is divided by 105.
35
What is the remainder when 1002665 is divided by 892?
57
What is the remainder when 26064172 is divided by 865?
857
What is the remainder when 2230594 is divided by 705?
679
What is the remainder when 214157572 is divided by 54?
52
What is the remainder when 2498008 is divided by 20?
8
What is the remainder when 1051192 is divided by 99?
10
Calculate the remainder when 31034 is divided by 87.
62
What is the remainder when 93224 is divided by 416?
40
Calculate the remainder when 932232 is divided by 28249.
15
Calculate the remainder when 2724043 is divided by 908009.
16
Calculate the remainder when 12598653 is divided by 32.
29
What is the remainder when 1185239 is divided by 222?
203
Calculate the remainder when 156894 is divided by 1767.
1398
What is the remainder when 5516620 is divided by 6870?
10
What is the remainder when 341470 is divided by 170616?
238
Calculate the remainder when 214285 is divided by 2280.
2245
What is the remainder when 28339029 is divided by 254?
249
Calculate the remainder when 544847 is divided by 7078.
6919
Calculate the remainder when 113233612 is divided by 19.
15
Calculate the remainder when 368932 is divided by 168.
4
What is the remainder when 159926401 is divided by 91?
89
What is the remainder when 97742 is divided by 2572?
6
Calculate the remainder when 839997 is divided by 279983.
48
Calculate the remainder when 1704885 is divided by 12.
9
What is the remainder when 54610447 is divided by 12?
7
Calculate the remainder when 43397402 is divided by 578.
6
What is the remainder when 265162 is divided by 66264?
106
Calculate the remainder when 63872359 is divided by 6154.
6147
What is the remainder when 61347691 is divided by 617?
615
Calculate the remainder when 25424 is divided by 22437.
2987
What is the remainder when 1951945 is divided by 491?
220
Calculate the remainder when 4306735 is divided by 8203.
160
What is the remainder when 132435 is divided by 14646?
621
Calculate the remainder when 1887549 is divided by 109.
105
Calculate the remainder when 3388483 is divided by 131.
37
What is the remainder when 33695748 is divided by 1085?
1073
Calculate the remainder when 36969 is divided by 36948.
21
Calculate the remainder when 7000469 is divided by 481.
476
Calculate the remainder when 13864853 is divided by 9.
2
What is the remainder when 1021654 is divided by 1?
0
What is the remainder when 77824208 is divided by 111?
110
What is the remainder when 20767 is divided by 5933?
2968
Calculate the remainder when 640543 is divided by 3953.
157
Calculate the remainder when 3296039 is divided by 15402.
11
What is the remainder when 25284430 is divided by 6179?
6141
What is the remainder when 8471347 is divided by 44?
27
Calculate the remainder when 58638 is divided by 58622.
16
Calculate the remainder when 14345899 is divided by 77.
29
What is the remainder when 1255002 is divided by 313701?
198
What is the remainder when 3588479 is divided by 2296?
2127
What is the remainder when 181579797 is divided by 60526598?
3
Calculate the remainder when 45487758 is divided by 16541.
8
What is the remainder when 879692 is divided by 173?
160
What is the remainder when 6620158 is divided by 384?
382
Calculate the remainder when 23055714 is divided by 839.
833
Calculate the remainder when 208208 is divided by 9464.
0
What is the remainder when 207857 is divided by 253?
144
Calculate the remainder when 1680866 is divided by 7062.
110
Calculate the remainder when 955858 is divided by 15417.
4
What is the remainder when 74017453 is divided by 227746?
3
Calculate the remainder when 23216730 is divided by 6622.
6620
What is the remainder when 30076871 is divided by 6059?
6054
What is the remainder when 6380210 is divided by 3?
2
Calculate the remainder when 18098088 is divided by 71252.
80
Calculate the remainder when 76976 is divided by 38480.
16
What is the remainder when 733720 is divided by 453?
313
What is the remainder when 296507 is divided by 2180?
27
What is the remainder when 5463737 is divided by 157?
137
What is the remainder when 33832225 is divided by 24?
1
Calculate the remainder when 1836524 is divided by 73.
63
Calculate the remainder when 59880 is divided by 19535.
1275
What is the remainder when 240557 is divided by 207?
23
Calculate the remainder when 3637247 is divided by 6.
5
What is the remainder when 1353151 is divided by 21?
16
What is the remainder when 121506 is divided by 1620?
6
What is the remainder when 3371 is divided by 1206?
959
What is the remainder when 81841 is divided by 712?
673
What is the remainder when 39824 is divided by 19291?
1242
What is the remainder when 184101 is divided by 2127?
1179
Calculate the remainder when 732268 is divided by 791.
593
Calculate the remainder when 156090 is divided by 379.
321
Calculate the remainder when 189278 is divided by 62940.
458
What is the remainder when 1503 is divided by 876?
627
Calculate the remainder when 821492 is divided by 516.
20
What is the remainder when 3384948 is divided by 2208?
84
Calculate the remainder when 44317601 is divided by 14772529.
14
Calculate the remainder when 69040 is divided by 593.
252
Calculate the remainder when 30289922 is divided by 44544.
2
Calculate the remainder when 328481 is divided by 1981.
1616
What is the remainder when 804759 is divided by 27750?
9
What is the remainder when 28394738 is divided by 14197364?
10
What is the remainder when 36840049 is divided by 398?
373
What is the remainder when 592887887 is divided by 14?
11
What is the remainder when 3568684 is divided by 713724?
64
Calculate the remainder when 157234 is divided by 7137.
220
What is the remainder when 54790763 is divided by 93?
92
What is the remainder when 369022 is divided by 4146?
28
Calculate the remainder when 37774 is divided by 1975.
249
What is the remainder when 2178231 is divided by 203?
41
What is the remainder when 680283 is divided by 169737?
1335
What is the remainder when 485454 is divided by 9708?
54
Calculate the remainder when 1312712 is divided by 1916.
252
Calculate the remainder when 63791818 is divided by 6949.
6947
Calculate the remainder when 14266083 is divided by 5.
3
What is the remainder when 24438 is divided by 11772?
894
What is the remainder when 618008 is div